?
7
Suppose 0 = 8*j + 4 + 4. Let g(t) = 67*t**2 + t. What is the units digit of g(j)?
6
Let g = -456 - -877. What is the tens digit of g?
2
Suppose -27489 = -27*l + 6*l. What is the tens digit of l?
0
Let d = -135 - -135. Suppose -5*a = -4*p - 9, d = 3*a - 0*a - 5*p - 8. What is the units digit of a?
1
Let k = -132 - -87. What is the units digit of (36/k)/((-4)/10)?
2
Suppose 115 = -0*f + f. Suppose -3*y + 69 = 5*p - f, 106 = 3*p + 4*y. What is the units digit of p?
8
Let g = 11057 + -7788. What is the units digit of g?
9
Suppose 3336 = 2*m - 5*n, -11*n + 8*n = 0. What is the units digit of m?
8
Let u(s) = s**3 + s**2 + 1. Let p be u(0). Suppose 15 = 2*r - p. What is the tens digit of (-2 + -7)/((-6)/r)?
1
Suppose 0 = -13*f - 687 + 5276. What is the units digit of f?
3
Let z be (32/20)/((-6)/(-15)). Suppose 2*n - 24 = -z. Let k(q) = q**3 - 10*q**2 + 3*q - 11. What is the units digit of k(n)?
9
Let r = -1434 + 2615. What is the thousands digit of r?
1
Suppose 3*g + 2*g - 3510 = 2*h, -3*g = 5*h - 2075. Suppose -4*n + 525 = 6*x - 3*x, -4*x - 5*n + g = 0. What is the tens digit of x?
7
Let r be (((-15)/2)/(-3))/((-2)/(-12)). What is the units digit of (11/(-4))/((r/48)/(-5))?
4
Let g = 8 - 6. Suppose 0 = g*d - 119 - 11. What is the units digit of d?
5
Let k be -2 + -10 + -4 - -2. Let a(x) = -x**3 - 13*x**2 + 13*x + 8. Let r be a(k). Suppose -j = -55 + r. What is the units digit of j?
3
Let r(s) = -9*s**3 + 19*s**2 + 65*s + 13. Let q(f) = 5*f**3 - 9*f**2 - 33*f - 7. Let b(p) = 7*q(p) + 4*r(p). What is the hundreds digit of b(14)?
2
Suppose 80*u = 64*u + 11216. What is the units digit of u?
1
Let v(j) = -22*j**3 + 3*j**2 + 12*j - 7. What is the hundreds digit of v(-3)?
5
Let q(p) = p**3 - 3*p**2 - 27*p - 106. What is the hundreds digit of q(14)?
6
Let j = -11 + 11. Suppose -2*a = 4*u - u - 375, 5*a - 15 = j. What is the tens digit of u?
2
Let r = -1083 + 1857. What is the units digit of r?
4
Suppose 2*a - 26 = -l + 399, 3*a = -2*l + 635. What is the tens digit of a?
1
Let t be (5 + -2)/((-3)/(-6)). Let c(g) = -2*g**2 + 16*g + 3. What is the units digit of c(t)?
7
Let l = -37 - -9. Let n = l - -15. What is the units digit of (-5)/10 + n/(-2)?
6
Suppose 5*l = 9*l - 8. Suppose 26 = 4*z + 2*n, 4*z = -z + n + 15. Suppose g - z*s + 10 = -0*g, 0 = -l*g + 2*s - 2. What is the units digit of g?
2
Let o(n) = 2*n - 2. Let p be o(-1). Let w(v) = 4*v**2 + v - 7. What is the units digit of w(p)?
3
Let b be -4*(4 + 36/16). Let w be 15/(-30) + b/2. Let d(p) = p**3 + 14*p**2 + 12*p + 11. What is the units digit of d(w)?
4
Let t = 199 + -193. What is the units digit of t?
6
Suppose -14 + 1 = -3*b - 4*n, 0 = -2*b + 4*n - 18. Let f be (b + -5)*10/(-15). Suppose -4*v - 15 = -2*x - 1, 4*v + 44 = f*x. What is the tens digit of x?
1
Let t be (4/(-5))/(-1 - (-85)/75). Let u(y) = -3*y + 8. What is the units digit of u(t)?
6
Let o = 186 + -71. Suppose -3 + o = 4*l. What is the units digit of l?
8
Let o(c) = c**3 + 16*c**2 - 16*c + 2. What is the tens digit of o(-13)?
1
Suppose -2 + 3 = -u - 2*k, -4*u - 40 = -k. Let i = -1 - -24. Let z = u + i. What is the tens digit of z?
1
Suppose 3*f = f + 8. Let c be (-2)/f + 11/2. Suppose 5*d - b - 102 + 40 = 0, 4*d + c*b - 67 = 0. What is the tens digit of d?
1
Suppose -a = 899 - 2292. What is the tens digit of a?
9
Let j(f) be the second derivative of -f**4/6 + 13*f**3/2 - 15*f**2/2 - 3*f. What is the tens digit of j(18)?
3
Let k(b) = b**2 + 9*b + 8. Suppose 0 = 2*n + 2*n - 36. Suppose 47 = -5*t - 2*x - 0*x, -n = -t - 5*x. What is the tens digit of k(t)?
3
Suppose -5*p = 147 + 123. Let i = p + 119. What is the units digit of i?
5
Let v = 14 + 127. What is the hundreds digit of v?
1
Let k(j) = 197*j**3 - 1. Let s be k(1). Let w = -99 + s. Suppose x = -x + t + w, -t = 5*x - 260. What is the units digit of x?
1
Let y = -6 - -8. Suppose 4*j = t + 20, -y*t - 15 - 5 = -4*j. Suppose t = 2*a - 29 - 9. What is the units digit of a?
9
Suppose 5*o - 2772 = 3188. What is the hundreds digit of o?
1
Let l(b) = 2*b**2 + 37 - b - 43 - 5*b - 3*b. What is the units digit of l(8)?
0
Let n(u) = 4*u**2 + 15*u - 7. Let b(z) = 5*z**2 + 14*z - 6. Let s(h) = -5*b(h) + 6*n(h). What is the tens digit of s(18)?
2
Suppose 4*i + 5*r = 8 - 3, -4*i - 2*r = 10. Let z = i - -11. Suppose 4*t - 134 = -5*b, 22 = -4*t + z. What is the units digit of b?
0
Let w(v) = 2*v**2 + 3 - 3*v**2 - 1 + 0*v**2 + 14*v. What is the tens digit of w(8)?
5
Suppose 4793 = 17*a - 5951. What is the hundreds digit of a?
6
What is the hundreds digit of (-45 - (8 + 0))/((-1)/14)?
7
Let r = -8 - -5. Let k(z) = -4*z**3 - 8*z**2 + 8*z + 1. Let f(h) = 4*h**3 + 9*h**2 - 9*h - 1. Let p(s) = 5*f(s) + 6*k(s). What is the tens digit of p(r)?
7
Let j(c) = -2*c**3 + 58*c**2 + 24*c - 180. What is the thousands digit of j(26)?
4
Let o(k) = -6*k - k**2 - 78 + 2*k**2 + 85. Let i(c) = -c**2 + 7*c - 7. Let v(w) = 5*i(w) + 6*o(w). What is the units digit of v(5)?
7
Let k = 208 + -139. Suppose 29*p - 28*p = k. What is the units digit of p?
9
Let d(g) = g**2 + 7*g + 2. Let h be d(-7). Suppose -2*a + 132 = -h*p, -p + 0*p = 2*a - 123. Suppose a = -0*j + 3*j. What is the units digit of j?
1
Let q = 15 - 14. Suppose 0*h = -2*c + h - q, -2*h = 5*c - 2. Suppose -l - 3*l + 68 = c. What is the tens digit of l?
1
Let j be 1/2*(35 - -1). Suppose -2*a = -1 + 7, -a - 45 = 3*y. Let i = y + j. What is the units digit of i?
4
Let l = -61 - -359. What is the tens digit of l?
9
Suppose 9 = 6*v - 9*v. Let n(r) = -r - 1. Let q be n(v). Suppose -p + 26 - q = 0. What is the units digit of p?
4
Let o be (-3 + 3)/(7 + -5). Suppose 40 = y - a - o*a, a = -y + 38. What is the tens digit of y?
3
Suppose 5*f + 248 = -3*l, -4*f + 2*f - 94 = -4*l. Let p = f + 128. What is the units digit of p?
9
Let c be -3 + (189/14)/((-2)/16). Let m = 122 - c. What is the hundreds digit of m?
2
Let t = 245 + -119. What is the tens digit of 2/(-36)*-626 + 28/t?
3
Let l be 2/(-3)*(-36)/(-24). Let p = -1 - l. Suppose -c + 6*c - 15 = p. What is the units digit of c?
3
Suppose -148 = -3*j - 157. What is the tens digit of j/(((-1)/3)/(493/51))?
8
Let p = 4974 + -1836. What is the units digit of p?
8
Let k be (-2 + 8)/((-4)/(-10)). Suppose 0 = 3*y - 6*h + 3*h, 0 = 3*h - k. Suppose -y*d = -2*q + 28, -5*d = 2*q - 11 + 3. What is the units digit of q?
9
Suppose 8*m - 3*p = 3*m + 19, 0 = -5*m - 2*p + 29. Let n(b) = -m*b + 7*b**2 + 1 - 3*b + 9*b. What is the units digit of n(-1)?
7
Suppose 0*p = -4*p - 3*f + 1076, -3*f = -5*p + 1372. What is the hundreds digit of p?
2
Let q(r) = -144*r + 17. What is the tens digit of q(-1)?
6
Suppose r = 4*r - 132. Suppose -3*m + r = 2*o - 20, -2*m = 2*o - 46. What is the units digit of m?
8
Let o be ((-3)/6)/(1/4). Let g(p) be the third derivative of p**5/5 - p**4/6 - p**3/2 - p**2 - 4*p. What is the tens digit of g(o)?
5
What is the tens digit of 1837/(-132)*-3 - 1/(-4)?
4
Suppose z = -4*z + 20. Let w = 89 - z. What is the tens digit of w?
8
Let r = 5 + -5. Let l(h) = h + 3. Let g be l(r). Suppose -34 = -g*v + 2*x, -20 = -2*v - x + 12. What is the units digit of v?
4
Let r(p) = p**3 - p**2 - 3*p + 2. Let i be r(2). Let c be (3 + -1 - 2) + i. Suppose c = 4*n - 48 - 76. What is the tens digit of n?
3
Suppose 9*p = 14*p - 870. Let d = 103 - p. Let c = d + 99. What is the units digit of c?
8
Let k = 127 + -89. What is the tens digit of k?
3
Let n(d) = -d**3 + 7*d**2 + 3*d - 16. Let p be n(7). Suppose 357 = o + p*g, 4*g - 1 = 7. What is the hundreds digit of o?
3
Let d(u) = -5*u**2 + u - 2. Let o be d(-2). Let v be ((-27)/12)/(9/o). Let y = -3 + v. What is the units digit of y?
3
Suppose 0 = 1843*m - 1830*m - 41977. What is the tens digit of m?
2
Suppose 5 + 5 = u. Suppose i + 4*i = u. Suppose 60 = -i*r + 3*r - w, 4*r - 3*w = 237. What is the units digit of r?
7
Let i = 207 + -95. What is the tens digit of i?
1
Let s = 2157 - 1306. What is the tens digit of s?
5
Let w(a) = 3*a**2 + 3*a. Let q be w(-5). Let h(b) = -5*b - 3. Let z be h(-1). Suppose 2 = z*j - q. What is the tens digit of j?
3
Suppose -7*h = 122 + 186. What is the tens digit of -177*(1 - (h/(-12) + -2))?
1
Suppose -15060 = 96*u - 106*u. What is the hundreds digit of u?
5
Let c = 766 - -224. What is the tens digit of c?
9
Let z = -853 - -329. What is the units digit of z*(-2 